41 = 3*s + 3*c - 4*c. Suppose 0*n - s = -7*n. Is n composite?
True
Suppose 438 = r - 5*g, -3*r - 5*g + 1627 = r. Is r a composite number?
True
Let j be (-4)/18 + 10/45. Let g(l) = -l**3 - 7*l**2 + l + 9. Let m be g(-7). Suppose j = -m*q - q + 75. Is q a composite number?
True
Let c = 1860 + -2627. Let a = 1348 + c. Is a prime?
False
Is 2/(-20) - 2761136/(-160) a composite number?
False
Let k = -62 - -128. Is 4/(-22) - (-15522)/k a prime number?
False
Let n = -1485 - -1490. Let k(w) = 34*w - 9. Let o(v) = 34*v - 9. Let x(y) = 6*k(y) - 5*o(y). Is x(n) a composite number?
True
Let d = 31974 - -3773. Is d a composite number?
False
Let i be -1 - -3 - (-4 - (-4 + 6)). Suppose -i*s = -3*s - 1685. Is s a prime number?
True
Let a be 3 - 12*4/(-6). Suppose 5*j - 26 = -a. Suppose -242 = v - j*v. Is v prime?
False
Let h = -20323 - -32508. Is h a composite number?
True
Is 2 + 5011 - 140/20 a composite number?
True
Is 6/((-6)/2) - (-37389)/11 a composite number?
True
Suppose -212373 = -13*q + 7*q - 5*i, 4*q - 5*i = 141557. Is q prime?
True
Let l(t) = t**2 - 6*t - 9. Is l(-4) a composite number?
False
Suppose -8*h + 22 = -3*h + 3*f, -h - 3*f + 2 = 0. Let a = 10 + -5. Suppose -h*j - a*s + 1040 = 0, j - 3*j + 434 = -4*s. Is j composite?
False
Let p = 11 - 9. Suppose -2*o + p*q = 2*o + 14, -2*q - 1 = o. Is 1*(o + 2) - -336 a prime number?
False
Let t(f) = -8767*f + 1. Is t(-4) prime?
True
Suppose n + 4*n - 5*x = 20, 32 = 3*n + 2*x. Suppose -n = 6*y - 10*y. Let b(w) = 3*w + 1. Is b(y) prime?
True
Suppose v + 0 - 12 = 0. Let j be (v/(-21))/(2/(-7)). Suppose -5*i + 705 = -j*l, -5*i + 5*l = l - 715. Is i a prime number?
True
Let o(f) = 96*f**2 + 2*f + 10. Let w be o(7). Suppose 5*s = w + 1327. Is s composite?
True
Let l = -608 - -323. Let k = 250 - l. Suppose 2*h = h + k. Is h a composite number?
True
Let o = -10398 - -18215. Is o a prime number?
True
Suppose 0 = -t - 2 + 4. Is 222 + 0 - (-2)/t composite?
False
Let w(l) = l**2 + 2*l - 5. Let c be w(-4). Suppose 0 = -c*h + 6*h + 9. Is h/((-1)/((-31)/(-3))) composite?
False
Let j(x) = -x**3 + 18*x**2 - 4*x + 9. Let b be j(14). Suppose 14*q - b = 3*q. Is q a composite number?
False
Let u be 5 - (-4 - 1)/(-1). Suppose 2*z - 988 - 878 = u. Is z a prime number?
False
Suppose 0 = -3*j + 3, -4*j - 49 = -3*i - 17. Let f be i/21 - (-40)/28. Suppose -f*z + 1405 = 371. Is z a prime number?
False
Suppose -4*f - o = f + 947, -4*f = -2*o + 766. Let q = f + 429. Suppose w - 56 = q. Is w a prime number?
False
Let u(y) = 0*y**2 + 50 + 34*y**3 - 45 + 23*y**3 + y**2. Is u(3) a prime number?
True
Let w = 28342 - 15444. Is w composite?
True
Suppose 5*o - 1080 = -z + 523, 4*z - 6487 = -5*o. Let g = 12 + -20. Is -1*z/(g + 4) prime?
False
Let i(q) = 284*q - 2. Let d be i(-5). Let s = -644 - d. Let r = -387 + s. Is r composite?
True
Suppose -7 = 5*k - 22, -a - 2*k = 31. Let x = -494 + a. Is x/6*(-4)/6 a prime number?
True
Suppose -3*w + 7 + 23 = 0. Suppose -4*b - w = 2. Is (-44)/(-3*(-2)/b) prime?
False
Let o be ((-414)/8)/(9/(-1968)). Let y be (8 - 17)/(3/(-2)). Is o/18 + 2/y a composite number?
True
Let t(l) be the first derivative of -3*l**4 - l**3 - 3*l**2/2 - l - 1. Let n be 6/4*(-7)/(63/12). Is t(n) a prime number?
True
Let i = -3355 - -13646. Is i prime?
False
Is ((-18844)/(-84))/(4/804) prime?
False
Suppose -34*o + 12*o + 389554 = 0. Is o composite?
False
Let a(z) = -z**3 - 5*z**2 + z + 7. Let p be a(-5). Suppose -m = v - 276, -2*m - p*v = -4*v - 544. Is m composite?
True
Suppose 56491 = 4*l - 3*c, -5*l - 96*c + 92*c = -70575. Is l composite?
True
Suppose 3*i + 6 = -18. Let y be 75/(-10)*i + -4. Let t = 415 - y. Is t a prime number?
True
Suppose -4*o - 3 = -11. Suppose 0 = -n - 5*j + 914, -o*j - 3*j + 15 = 0. Suppose -5*t + 1076 + n = 0. Is t prime?
False
Let l be (-80)/(-6)*12/32*22. Suppose 2*b + 4*y = 518, -3*y = 2*b + l - 631. Is b composite?
True
Suppose 995*s - 993*s = 3194. Is s a composite number?
False
Let s = -540 + 10470. Suppose -327 - s = -3*v. Is v prime?
False
Let c(m) = 2*m + 8. Let q(a) = 3*a + 7. Let x(g) = -4*c(g) + 3*q(g). Let j be x(14). Is 6633/(-22)*(-2)/j composite?
True
Suppose 0 = l + 17*d - 20*d - 14051, 5*l + 2*d = 70187. Is l a composite number?
True
Suppose 127*p - 140*p + 165841 = 0. Is p a composite number?
False
Let k be (-1)/(-2) + (-2)/4. Suppose k = -5*n + n - 120. Let b = 19 - n. Is b prime?
False
Suppose t - 2*t = -2*m - 26315, 3*t - 2*m = 78933. Is t composite?
False
Let v(b) = -10*b + 6. Let f be v(3). Let z = -90 + 47. Let h = f - z. Is h composite?
False
Suppose -107 - 3229 = -8*h. Suppose -v - h = -4*v. Is v prime?
True
Let j be (-12)/(-2) - (3 + -1). Suppose 5 = j*t - 3. Let p(a) = 40*a - 3. Is p(t) a composite number?
True
Let h = 5 - 22. Is (-748)/h*22/8 a composite number?
True
Suppose 2632 = 25*n - 15318. Is n prime?
False
Let l be 9/(-6) + 36/(-8). Let v be (-2382)/(-18) + 2/l. Suppose 0 = 4*z - 0*z - v. Is z a prime number?
False
Let f(i) = 4*i**2 + 1. Let r be f(1). Suppose 4*o + 0*o = 0. Suppose -r*y - 271 + 996 = o. Is y composite?
True
Let z(x) = 15*x + 1. Let b be (1 + 3)/((-1)/(-2)). Is z(b) prime?
False
Suppose 0 = 4*d - 15395 - 8753. Is d a composite number?
False
Let u(o) = o**2 - 11*o - 10. Let f be u(12). Suppose 0*s - 210 = -f*s. Suppose d + s = l, 5*l + 4*d = -d + 535. Is l a prime number?
False
Suppose -3*o - 41 = -0*o - 4*n, -5*o = 2*n + 77. Let b be o/(-10)*(-1 - -1759). Suppose 5*z - b = -r - 27, 5*z - 5*r = 2580. Is z composite?
False
Let q(z) = 10*z**2 - z + 2. Let f be q(1). Let l = -15 + f. Is -7*233*(3 + l) a prime number?
False
Let t = 305 - 109. Let z = -11 + t. Is z a prime number?
False
Let n(w) = 16*w**2 - 5*w + 8. Let m be n(2). Is m/4*76 + 3 a prime number?
True
Suppose -2*t = 4*z - 2168, z - 6*z = -3*t + 3296. Suppose -s = 3*k - 566, 0*s + 2*s - t = 4*k. Is s a prime number?
False
Let t(r) = r**2 + 21*r + 4. Let c be t(-21). Suppose -c*k - 20727 = -5*q, 2*q + 5*k = 5*q - 12444. Is q composite?
True
Let j be 18/(-4)*4/(-6). Suppose -j*z - z + 1312 = 0. Suppose -2*g = 2*g - z. Is g a composite number?
True
Let x(v) = 82*v**2 - 2*v + 4. Let q be x(-4). Let l(r) = -r**2 + 10*r - 8. Let f be l(8). Suppose 4*p - f*p = -q. Is p composite?
False
Let a(z) = 0*z**2 - 3*z**2 - 3*z**2 + 4 + 2*z**3. Let l be a(4). Let u = 110 - l. Is u prime?
False
Let p = 9 - -5. Let v = -14 + p. Suppose v = -2*u + 126 + 460. Is u a composite number?
False
Let r be (10/3)/(8/12). Suppose -i = r*i - 2802. Is i a prime number?
True
Suppose -5*l - 1 = 4*g + 1, l - 5 = g. Let w(f) = f**2 - 15*f + 24. Let q be w(12). Is l/6 + (-3512)/q composite?
False
Let v = 18 - 22. Let z(t) = -t. Let a be z(v). Suppose a*b + 424 = 8*b. Is b prime?
False
Let s(y) = -192*y**2 + 3*y + 4. Let t be s(-2). Let n = 3991 + t. Is n a composite number?
False
Is 5*((-239808)/40)/(-8) prime?
False
Suppose -3*c + 2*j = -17, c + 5*j = 6 - 23. Suppose -h + 5*k + 1379 = -812, c*h - 3*k = 6525. Is h prime?
False
Suppose -6*r + 307 = -5*r. Let x(g) = -22*g**2 + 9*g + 15. Let c be x(-3). Let z = c + r. Is z composite?
False
Is 3788 - ((-27)/(-18) + 26/(-4)) composite?
False
Suppose 5*w - w - 5*h = 294048, 147046 = 2*w + 3*h. Is w composite?
False
Let d = 1146 + -2118. Let u = d - -1690. Is u a composite number?
True
Let n(w) = 744*w**2 + w + 1. Let r be n(-1). Suppose 3 = -h + 8, 4*h = 2*y - r. Is y a composite number?
True
Suppose 0*y - 15 = -5*y, -4*i - 4 = -4*y. Suppose 2*n + 8909 = 5*m, 3 + 1 = -i*n. Is m a composite number?
True
Let z = 354 - 222. Suppose x - z = -2*b + 133, 3*b = -2*x + 530. Suppose 3*j - x = 2*j. Is j a prime number?
False
Suppose -w - 26 = 2. Let x = -5 - w. Is x a prime number?
True
Suppose -5*r - 95 - 2 = 3*b, 5*r + 105 = 5*b. Is 56 + 0 + 4/r*-5 composite?
True
Let a(r) = 25*r**2 + 7*r - 6. Let o be a(4). Let s(m) = -m**2 - 3*m + 2. Let j be s(-2). Suppose j*c + 131 = -2*d + 529, 4*c + o = 2*d. Is d a composite number?
True
Let a = -4587 + 18826. Is a composite?
True
Suppose -c = -5*r - 14, 1 = -c - 4*r - 3. Let t be (-3)/(-4) - (-13)/c. Suppose s - t*f = 351, -3*s + 2*f + 1348 = s. Is s composite?
True
Is ((54666/10)/3)/((-1)/(-5)) a composite number?
True
Is 49185/39 - (-34)/(-221) a composite number?
True
Suppose 14485 = -6*p - 24359. Is p/(-10) + 46/(-115) a composite number?
False
L